299 is divided by 78.
65
What is the remainder when 4656 is divided by 59?
54
What is the remainder when 57 is divided by 29?
28
What is the remainder when 170 is divided by 57?
56
Calculate the remainder when 34 is divided by 10.
4
Calculate the remainder when 27 is divided by 16.
11
What is the remainder when 623 is divided by 90?
83
Calculate the remainder when 133 is divided by 6.
1
Calculate the remainder when 143 is divided by 78.
65
Calculate the remainder when 960 is divided by 107.
104
Calculate the remainder when 67 is divided by 18.
13
Calculate the remainder when 195 is divided by 103.
92
What is the remainder when 49 is divided by 5?
4
What is the remainder when 479 is divided by 122?
113
What is the remainder when 512 is divided by 57?
56
Calculate the remainder when 13007 is divided by 16.
15
What is the remainder when 167 is divided by 97?
70
Calculate the remainder when 7786 is divided by 11.
9
What is the remainder when 338 is divided by 177?
161
Calculate the remainder when 322 is divided by 137.
48
Calculate the remainder when 418 is divided by 136.
10
What is the remainder when 3957 is divided by 132?
129
Calculate the remainder when 392 is divided by 64.
8
Calculate the remainder when 176 is divided by 102.
74
What is the remainder when 1592 is divided by 27?
26
What is the remainder when 227 is divided by 57?
56
What is the remainder when 29 is divided by 10?
9
What is the remainder when 7641 is divided by 14?
11
Calculate the remainder when 198 is divided by 179.
19
Calculate the remainder when 959 is divided by 32.
31
What is the remainder when 198 is divided by 56?
30
Calculate the remainder when 76 is divided by 41.
35
Calculate the remainder when 159 is divided by 48.
15
What is the remainder when 128 is divided by 26?
24
Calculate the remainder when 1967 is divided by 17.
12
What is the remainder when 151 is divided by 6?
1
Calculate the remainder when 209 is divided by 90.
29
What is the remainder when 579 is divided by 315?
264
What is the remainder when 138 is divided by 90?
48
What is the remainder when 45 is divided by 6?
3
Calculate the remainder when 150 is divided by 135.
15
Calculate the remainder when 1432 is divided by 202.
18
What is the remainder when 2026 is divided by 503?
14
What is the remainder when 427 is divided by 56?
35
What is the remainder when 1262 is divided by 51?
38
What is the remainder when 822 is divided by 251?
69
Calculate the remainder when 314 is divided by 50.
14
Calculate the remainder when 1777 is divided by 20.
17
What is the remainder when 72 is divided by 61?
11
Calculate the remainder when 2217 is divided by 11.
6
What is the remainder when 229 is divided by 58?
55
Calculate the remainder when 379 is divided by 97.
88
What is the remainder when 3462 is divided by 63?
60
What is the remainder when 17948 is divided by 382?
376
Calculate the remainder when 42 is divided by 22.
20
What is the remainder when 495 is divided by 25?
20
Calculate the remainder when 587 is divided by 84.
83
Calculate the remainder when 1089 is divided by 28.
25
Calculate the remainder when 92 is divided by 9.
2
Calculate the remainder when 3058 is divided by 437.
436
Calculate the remainder when 9013 is divided by 2.
1
Calculate the remainder when 1070 is divided by 9.
8
Calculate the remainder when 462 is divided by 158.
146
What is the remainder when 2497 is divided by 49?
47
What is the remainder when 50 is divided by 17?
16
What is the remainder when 232 is divided by 57?
4
Calculate the remainder when 1783 is divided by 179.
172
What is the remainder when 288 is divided by 260?
28
Calculate the remainder when 145 is divided by 45.
10
Calculate the remainder when 912 is divided by 455.
2
What is the remainder when 2127 is divided by 15?
12
What is the remainder when 6 is divided by 5?
1
What is the remainder when 1849 is divided by 35?
29
Calculate the remainder when 14 is divided by 3.
2
Calculate the remainder when 138 is divided by 13.
8
Calculate the remainder when 4940 is divided by 14.
12
What is the remainder when 119 is divided by 25?
19
Calculate the remainder when 5642 is divided by 99.
98
Calculate the remainder when 605 is divided by 122.
117
What is the remainder when 146 is divided by 54?
38
Calculate the remainder when 393 is divided by 3.
0
Calculate the remainder when 109 is divided by 21.
4
What is the remainder when 762 is divided by 92?
26
What is the remainder when 97 is divided by 33?
31
What is the remainder when 204 is divided by 7?
1
Calculate the remainder when 226 is divided by 11.
6
Calculate the remainder when 76 is divided by 35.
6
What is the remainder when 6579 is divided by 94?
93
Calculate the remainder when 59 is divided by 43.
16
What is the remainder when 1032 is divided by 108?
60
Calculate the remainder when 298 is divided by 25.
23
Calculate the remainder when 1053 is divided by 5.
3
What is the remainder when 9337 is divided by 161?
160
Calculate the remainder when 625 is divided by 50.
25
What is the remainder when 409 is divided by 5?
4
What is the remainder when 174 is divided by 39?
18
Calculate the remainder when 714 is divided by 4.
2
Calculate the remainder when 1069 is divided by 63.
61
Calculate the remainder when 963 is divided by 155.
33
What is the remainder when 6008 is divided by 6?
2
Calculate the remainder when 1277 is divided by 71.
70
What is the remainder when 3173 is divided by 12?
5
What is the remainder when 2639 is divided by 238?
21
Calculate the remainder when 142 is divided by 11.
10
What is the remainder when 25 is divided by 13?
12
Calculate the remainder when 59 is divided by 24.
11
What is the remainder when 714 is divided by 176?
10
Calculate the remainder when 304 is divided by 65.
44
What is the remainder when 135 is divided by 9?
0
Calculate the remainder when 671 is divided by 330.
11
Calculate the remainder when 15895 is divided by 224.
215
Calculate the remainder when 426 is divided by 81.
21
Calculate the remainder when 5043 is divided by 58.
55
What is the remainder when 50 is divided by 49?
1
What is the remainder when 417 is divided by 28?
25
Calculate the remainder when 28672 is divided by 134.
130
What is the remainder when 400 is divided by 80?
0
What is the remainder when 168 is divided by 49?
21
What is the remainder when 16361 is divided by 186?
179
What is the remainder when 2396 is divided by 96?
92
Calculate the remainder when 140 is divided by 29.
24
Calculate the remainder when 100 is divided by 46.
8
Calculate the remainder when 5128 is divided by 19.
17
What is the remainder when 222 is divided by 46?
38
Calculate the remainder when 586 is divided by 178.
52
What is the remainder when 1185 is divided by 54?
51
What is the remainder when 212 is divided by 32?
20
What is the remainder when 1080 is divided by 177?
18
What is the remainder when 781 is divided by 170?
101
What is the remainder when 1687 is divided by 19?
15
What is the remainder when 340 is divided by 23?
18
What is the remainder when 8082 is divided by 172?
170
What is the remainder when 631 is divided by 72?
55
Calculate the remainder when 824 is divided by 62.
18
What is the remainder when 215 is divided by 46?
31
Calculate the remainder when 2884 is divided by 49.
42
What is the remainder when 4300 is divided by 17?
16
What is the remainder when 74 is divided by 32?
10
Calculate the remainder when 824 is divided by 25.
24
What is the remainder when 329 is divided by 55?
54
Calculate the remainder when 234 is divided by 47.
46
Calculate the remainder when 71 is divided by 6.
5
What is the remainder when 943 is divided by 136?
127
Calculate the remainder when 486 is divided by 160.
6
What is the remainder when 497 is divided by 100?
97
Calculate the remainder when 215 is divided by 8.
7
Calculate the remainder when 819 is divided by 163.
4
Calculate the remainder when 690 is divided by 76.
6
Calculate the remainder when 123 is divided by 25.
23
What is the remainder when 59 is divided by 20?
19
Calculate the remainder when 56 is divided by 15.
11
Calculate the remainder when 239 is divided by 15.
14
Calculate the remainder when 301 is divided by 38.
35
What is the remainder when 3213 is divided by 51?
0
Calculate the remainder when 44